))/(2/3)). Let s = 49 - b. Suppose -z = 4*z - 5*l - 1035, 832 = 4*z - s*l. Is z a composite number?
False
Is ((-4)/78 - 9452992/(-312))/(4/6) a composite number?
True
Let d(y) = 2*y**3 + 32*y**2 - 11*y + 87. Is d(22) a prime number?
True
Suppose -755804 = -4*c - 3*h, 142*h - 137*h = -3*c + 566853. Is c a prime number?
False
Suppose 49*j - 46*j - 162 = 0. Suppose 0 = 61*c - 58*c + j. Is (c - -14)*(-659)/4 a prime number?
True
Suppose -45641 = -4*d - 5*f, 2*d + 5*f - 20201 = 2622. Suppose 0 = -10*a + d + 4821. Is a composite?
True
Suppose -7*o = 4*o - 22. Suppose 4845 = o*l + 1487. Is l prime?
False
Suppose -576 = -3*o - 6. Suppose -8*b = 2*b - o. Is b prime?
True
Let a be 14/3 - 4 - 1111/(-3). Suppose -3*g = -4*h - 389, g - 4*g - 5*h + a = 0. Suppose -f + 5*l + 5 + g = 0, 0 = 3*f - 5*l - 446. Is f a prime number?
True
Suppose -3*x = 2*m + 890 + 22555, 0 = -x - m - 7814. Let y = x + 11679. Is y composite?
True
Let v = -143 + 141. Is (-20 - -14)*(3/v - 1) composite?
True
Suppose -64*f + 78*f - 56630 = 0. Is f a composite number?
True
Let v be (-6*6/(-36))/((-2)/(-6)). Let u be 74/8*8/v*15. Let l = 584 - u. Is l prime?
False
Let k = 31095 + -57039. Is k/(-5) - (-1)/5 a composite number?
False
Let r(i) = -i**3 - 2*i**2 - 5*i + 3. Let f = -284 - -273. Is r(f) a composite number?
True
Let l = -264 - -262. Is (-42995)/(-20) - l/(16/(-6)) a composite number?
True
Let s(n) be the first derivative of -n**3/3 - 29*n**2 + 7*n - 36. Is s(-6) a composite number?
True
Let v(d) = 53934*d + 4099. Is v(35) composite?
False
Suppose -33 = 4*g - g. Let p(h) = -31*h - 45. Let d be p(g). Suppose -4*f + d = 4*l, 5*l = 7*f - 5*f - 183. Is f prime?
True
Let u(t) = t**3 + 4*t**2 - t - 1. Let c be u(-4). Suppose 4*o + 12575 = 4*x + 1287, -c*x = 4*o - 8445. Is x a composite number?
False
Suppose 2*d + 4*p = 480, 4*d + p = -0*p + 995. Let x be (d - -1) + -5 + 5. Suppose 0 = 5*k - 6*k + x. Is k a prime number?
True
Let y(o) = 14329*o**2 - 153*o - 1949. Is y(-13) prime?
True
Is (-16 - (-195)/12)/((-1)/(-1039436)) prime?
False
Let w = -51 + 54. Let d be ((-51)/6 - -7) + w/2. Suppose d = 3*i - 338 - 1033. Is i a prime number?
True
Let b be 9/(-3)*(-344)/6. Let m = 137 + -134. Suppose -2*x + c + b = m*c, c = -4*x + 359. Is x a prime number?
False
Let b(p) = 117*p**2 + 26*p + 755. Is b(-36) composite?
False
Suppose -k - 4*d - d + 57547 = 0, -5*k = 5*d - 287655. Is k a composite number?
False
Let t be (-2)/(-5)*(-32135)/(-2). Suppose -i = 2*q - 2572, -5*q + t = 7*i - 6*i. Is q a composite number?
True
Suppose -6*i - 20*r = -24*r - 460178, -4*i + 2*r + 306786 = 0. Is i prime?
True
Let d = 5242 + 385. Is d composite?
True
Let a(v) = v**3 + 10*v**2 - 11*v - 27. Let c be a(7). Let u = c + -166. Is u a composite number?
False
Let z = -77513 - -32643. Is (-4)/16*-6*z/(-21) a composite number?
True
Let c be 2 - (-4)/2*-1. Suppose 3*s - 18 = -c*s. Let m(l) = 23*l**2 + 15*l - 23. Is m(s) prime?
False
Suppose -122*f + 21*f - 23532785 = -84158742. Is f a composite number?
True
Suppose -o = -3*h - 75, 4*h = -o - 14 + 103. Suppose 0 = 6*x + 3 + o. Let t(q) = -150*q - 1. Is t(x) composite?
False
Let a = 507941 + -272590. Is a a composite number?
True
Let p be (-158)/6 + 24/18. Let m = p - -32. Suppose -6*w + m*w = 91. Is w a composite number?
True
Suppose 3*y - 7*y - 4*n + 184908 = 0, -4*n - 8 = 0. Is y prime?
True
Let x be ((-2)/(-5))/(23/(-460)). Let k(w) = -w**3 - 9*w**2 - 6*w + 18. Let b be k(x). Suppose 3*c - 5*f - 4195 = -4*f, b*c + 5*f = 2774. Is c prime?
False
Let s be -3 - -12 - (6 - (0 + 3)). Is (-4)/s + 77063/21 + -4 prime?
False
Let o(i) = 288*i**2 - 4587*i - 9. Is o(20) a composite number?
True
Is ((416/39)/16)/(12052225/4017405 + -3) a composite number?
True
Let k(b) = -2*b**3 + 3*b + 5. Let o be k(0). Suppose -5*d = p + p - 93, 2*d - 285 = -o*p. Is p a composite number?
False
Let s = -89 - -95. Suppose 7*a + 1 = 2*x + 4*a, 2*a + s = -4*x. Is 477 + 1/x - (-4 - -1) a composite number?
False
Let p(t) = 3790*t + 31. Let c(o) = 3790*o + 30. Let j(z) = -6*c(z) + 5*p(z). Let w be j(-5). Suppose 6*f = f + w. Is f prime?
False
Suppose 4*u = 13011 - 255. Suppose -2*n + u = -3*r, -2*r - 5417 - 941 = -4*n. Suppose 0 = -4*q + 577 + n. Is q a composite number?
False
Let y(j) = -574*j + 354. Suppose 3*i - 2*d + 40 = 10, -4*d + 52 = -5*i. Is y(i) a composite number?
True
Let r be (6/(-4))/(6/(-102376)). Suppose 20591 = 15*z - r. Is z a composite number?
False
Let u(a) = a**2 - 31*a + 223. Let h be u(11). Suppose h*b - 2*o - 49341 = -6*o, 2*b = -4*o + 32894. Is b a composite number?
False
Suppose -80*j = -30*j - 163950. Suppose -5*a - 5*m = -13850, -2*a = m - j - 2258. Is a composite?
False
Suppose 159 = -14*r + 1335. Let u(g) = -9 + 5*g + r*g**2 - 12 + 18. Is u(4) a composite number?
False
Let d = -3 - -7. Let s be 2/d + -2*55/4. Let a = s + 322. Is a a prime number?
False
Let u = -1515 + -2660. Let p(a) = -99*a**2 - 2*a + 3. Let o be p(5). Let z = o - u. Is z a composite number?
False
Suppose j + 459727 = s, 3*s + 61*j - 1379181 = 66*j. Is s prime?
False
Let b be 245/(-9) + (-5)/(225/(-10)). Is 9/(b/(-6))*(-185)/(-2) composite?
True
Suppose 3*j - 176 = 328. Let d = j + -106. Is d prime?
False
Is 3776786/34 - (-199)/3383 a prime number?
False
Suppose -4*f = 2 - 22. Suppose -3*k = -3*h - 23976, 11111 + 12870 = 3*k - 4*h. Suppose 0 = f*s + z - k, -3*z - 1771 = -5*s + 6208. Is s composite?
False
Let g = -1940573 - -3464274. Is g prime?
True
Is ((-4)/(-12))/(1/1532943*(-84)/(-28)) composite?
False
Let h(d) = 2921*d - 48. Let c be h(10). Suppose 2*m = 0, 0*o = -2*o - 4*m + c. Is o a composite number?
True
Let v be ((-20)/8 + -5)*(-4)/3. Suppose v*m = 52333 + 30817. Is m composite?
True
Let o(u) = u**3 + 26*u**2 + 22*u - 84. Let w be o(-25). Is 8781*(26/(-3) - w) composite?
False
Let a(n) = 194*n**2 - 7*n - 8. Let v(i) = -i**2 + 13*i - 23. Let o be v(10). Suppose -4*f = -o*f - 9. Is a(f) prime?
True
Let u be 360/126*(-7)/(-2). Let x(v) = -3 - 24*v + 16*v + 20*v**2 + v**2. Is x(u) composite?
False
Let a(b) = 117*b**2 + 167*b - 3643. Is a(28) a prime number?
True
Suppose -2*m - 14586 = -z, 3*m + 21889 = 4*z - 5*z. Let c = -4726 - m. Is c a prime number?
False
Suppose 2*h + 32 = 4*w - w, w = -5*h + 5. Suppose 8*j - w = 3*j. Suppose -5*d - j*s - 2*s + 5245 = 0, 0 = 4*d + 4*s - 4196. Is d composite?
False
Suppose -a = -5*s + 106, -2 + 0 = 2*a. Suppose 0 = 3*z + 3, -k + 4*z = -z + s. Is k/(-13)*(-329)/(-2) composite?
True
Let j = 78935 + -44878. Is j prime?
True
Let t be -1*(0 + 6/(-3)). Let n be (-2)/(-4)*(t - 1 - -7). Suppose j = n*i + 711, 0*j = -3*j + i + 2155. Is j a prime number?
True
Let h(m) = 2*m**2 - 5*m + 4. Let c(t) = 2*t**2 - 5*t + 5. Suppose 2*i - p - 9 = -6*p, -2*i + 5*p = -19. Let d(a) = i*c(a) - 6*h(a). Is d(-6) a composite number?
False
Let r(g) = 3974*g**2 - 3*g. Let t(w) = -w**3 - 3*w**2 + 16*w + 47. Let s be t(-4). Is r(s) composite?
True
Let u(f) be the first derivative of -f**4/2 - 4*f**3/3 - f**2/2 + f - 2. Suppose 31*a - 20*a + 66 = 0. Is u(a) composite?
True
Suppose 15*p - 1032696 = -9*p. Let z = p - 25706. Is z a composite number?
True
Let p(y) = y**2 - y - 1. Let n(k) = -3*k**3 + 12*k**2 - 11*k + 5. Let s(f) = -n(f) - 2*p(f). Is s(9) composite?
True
Let j = 146342 + -57189. Is j composite?
False
Suppose 13*a - 52*a = 28821. Let j = -330 - a. Is j a composite number?
False
Suppose -33*g - 2*u + 79029 = -30*g, -3*g - 5*u + 79047 = 0. Is g prime?
True
Let f be (8/(32/(-12)))/((-3)/5). Suppose -f*i + d = -6002, 5*d + 4 = 19. Is i composite?
False
Suppose -1096382 = -3*y - 5*d, -y - 55*d + 365461 = -53*d. Is y composite?
True
Suppose 29*o = -74 - 187. Is (0 - 3)*4803/o prime?
True
Let x(u) = u**3 - 7*u**2 - 7*u - 8. Let b be x(8). Suppose 0*j + 4*j - 624 = b. Let v = 221 - j. Is v prime?
False
Suppose -4*u + u + v + 72903 = 0, 0 = -3*u + 3*v + 72903. Suppose -19*c + 20*c = u. Is c composite?
True
Suppose 28*a - 21*a = 14. Suppose 7 = u + a. Suppose -2*y + 2479 = 5*c - 934, -u*y - 4*c + 8541 = 0. Is y composite?
False
Let q(g) = 128*g**2 + 4*g - 13. Suppose -y - 2 = -n, n - 3*y = -4*y + 4. Is q(n) a prime number?
True
Suppose 292987 + 50623 = 5*s + 5*c, 2*s + 3*c = 137437. Is s a composite number?
False
Let v(f) = 0*f**2 - 4*f**2 - 12*f**2 + 3*f + 23*f**2 + 4. Suppose -21 = 3*g - 